73*j**2 + 1807*j - 189. Determine g(-25).
261
Let d(t) = t**3 - 121*t**2 + 3294*t - 579. Give d(41).
-5
Let o(k) = 2*k**3 + 21*k**2 + 3*k - 156. Determine o(-10).
-86
Let k(i) = 6*i**3 - 215*i**2 - 917*i + 29. Determine k(-4).
-127
Let q(f) = -3241*f - 401900. Calculate q(-124).
-16
Let y(q) = -q**3 - 4*q + 540. Give y(0).
540
Let s(a) = 99236*a - 595421. Calculate s(6).
-5
Let x(c) = -769*c - 259796. What is x(-338)?
126
Let x(w) = -294189*w - 4707013. Calculate x(-16).
11
Let n(t) = -t**3 + 18*t**2 - 138*t - 1257. Give n(-5).
8
Let t(x) = 10*x**3 - 1348*x**2 - 281*x + 1123. Determine t(135).
-362
Let w(x) = 1598*x + 38363. Give w(-24).
11
Let m(i) = 3*i**2 - 135*i - 79. Give m(-10).
1571
Let c(q) = -q**3 + 34*q**2 + 221*q - 158. Determine c(-6).
-44
Let j(y) = 2*y**3 + 5*y**2 - 153*y - 343. Give j(-7).
287
Let m(l) = -l**3 + 14*l**2 + 3472*l - 48601. Calculate m(14).
7
Let h(g) = -g**2 + 6194*g + 591072. What is h(-94)?
0
Let h(v) = -14*v + 349. Calculate h(64).
-547
Let a(t) = -151*t + 2697. What is a(9)?
1338
Let w(r) = 2*r**3 + 18*r**2 - 220*r - 1903. Calculate w(-8).
-15
Let p(m) = 5*m**3 + 1554*m**2 - 312*m - 273. Give p(-311).
38
Let j(p) = -5124610*p - 51246095. Calculate j(-10).
5
Let s(l) = l**2 + 850*l + 10028. What is s(-12)?
-28
Let d(f) = f**3 - 149*f**2 + 3654*f + 829. Give d(118).
357
Let n(q) = -448074*q - 2688433. Give n(-6).
11
Let a(k) = -3*k**3 + 12*k**2 + 118*k + 18. Calculate a(-3).
-147
Let x(z) = 16*z**3 + 16*z**2 + 72*z - 32. What is x(-4)?
-1088
Let g(i) = 7713*i + 316250. Calculate g(-41).
17
Let f(d) = d**2 - 14165*d + 99102. Give f(7).
-4
Let b(y) = -4*y**2 + 3468*y - 577800. Calculate b(642).
0
Let f(q) = q**3 + 239*q**2 - 13*q - 115950. Give f(-237).
-531
Let y(d) = 459023*d - 1377077. Give y(3).
-8
Let f(x) = x**3 - 20*x**2 + 28*x + 104. Determine f(8).
-440
Let c(a) = -8*a**3 - 279*a**2 - 964*a - 88. Give c(-31).
5
Let f(s) = -8844*s + 6199617. Give f(701).
-27
Let a(d) = -15214*d - 182574. Give a(-12).
-6
Let n(v) = 28*v**2 - 870*v + 500. Give n(32).
1332
Let h(x) = 10*x**3 - 340*x**2 + 4*x. What is h(34)?
136
Let z(r) = -r**3 + 245*r**2 - 2713*r - 715. Determine z(12).
281
Let y(o) = 15532*o + 46592. Give y(-3).
-4
Let d(s) = -s**2 - 213*s + 4335. Determine d(21).
-579
Let i(a) = -10*a**2 + 70*a - 32. Calculate i(8).
-112
Let h(z) = z**2 - 1382*z + 56227. Calculate h(42).
-53
Let z(b) = -79*b**2 - 496*b - 169. Calculate z(-6).
-37
Let c(z) = -17*z**2 - 165*z - 152. What is c(-11)?
-394
Let s(j) = 5*j**2 + 1083*j + 5397. Determine s(-5).
107
Let f(s) = 145*s**2 - 3338*s + 103. Give f(23).
34
Let u(h) = -h**3 - 180*h**2 - 346*h + 783. Calculate u(-178).
-997
Let z(h) = h**3 + 29*h**2 + 73*h + 1272. Determine z(-26).
1402
Let q(n) = -1106*n - 112013. Calculate q(-101).
-307
Let y(q) = -265*q**3 + 19*q**2 + 74*q - 222. Give y(2).
-2118
Let s(h) = -h**3 + 214*h**2 + 29345*h + 3112. Determine s(309).
22
Let g(i) = 14*i**2 + 246*i - 1131. Calculate g(-24).
1029
Let x(w) = -w**3 - 6*w**2 - 15302*w - 61258. Give x(-4).
-82
Let s(i) = 58519*i + 2750418. Give s(-47).
25
Let t(z) = -155540*z - 3577431. Calculate t(-23).
-11
Let n(l) = 23*l**3 + 3564*l**2 - 157*l - 322. Give n(-155).
-12
Let d(g) = 4*g**2 - 1173*g - 20842. Calculate d(310).
-72
Let y(k) = -k**2 - 210*k + 1960. Calculate y(9).
-11
Let p(l) = -l**2 - 3429*l - 30764. Calculate p(-9).
16
Let u(t) = 18*t**3 + 12*t**2 - 22*t + 4. Determine u(3).
532
Let v(q) = 3760*q - 18797. Give v(5).
3
Let o(z) = -101*z**2 + 173*z + 453. Give o(-3).
-975
Let i(p) = 47*p**2 + 2111*p + 17. Determine i(-45).
197
Let w(l) = 2*l**2 + 245*l + 7234. Determine w(-63).
-263
Let z(b) = -417*b**2 + 110*b - 9. Determine z(1).
-316
Let h(j) = 6*j**3 - 68*j**2 - 29*j + 87. Calculate h(12).
315
Let h(m) = -2*m**3 - 24*m**2 - 135*m - 997. Determine h(-11).
246
Let f(l) = 2*l**3 + 36*l**2 - 27*l - 1767. Give f(-15).
-12
Let h(r) = 1484*r + 41901. What is h(-28)?
349
Let n(z) = 2*z**2 + 1310*z + 58159. Calculate n(-48).
-113
Let a(g) = g**3 + 11*g**2 - 4*g - 95. What is a(-7)?
129
Let v(w) = 1003*w - 10784. Calculate v(9).
-1757
Let d(u) = u**3 - 15*u**2 - 15*u - 17. What is d(-7)?
-990
Let j(p) = p**2 - 768*p - 347. Calculate j(0).
-347
Let h(v) = 39*v**2 - 328*v - 16. Give h(10).
604
Let b(v) = 3*v**3 + 3184*v**2 + 1094*v + 35009. Determine b(-1061).
-4
Let c(y) = 3115*y - 3401582. Give c(1092).
-2
Let v(l) = -2201*l - 143042. What is v(-65)?
23
Let f(r) = 416*r - 9842. Determine f(23).
-274
Let z(h) = 1420*h + 585075. Determine z(-412).
35
Let n(u) = -5*u**3 + 198*u**2 + 84*u - 144. Give n(40).
16
Let q(i) = 1726*i**2 + 177775*i - 172. Determine q(-103).
137
Let l(c) = -2*c**3 - 47*c**2 + 730*c + 17325. Calculate l(-23).
6
Let w(b) = -4*b**2 - 2317*b - 190551. Determine w(-480).
9
Let h(a) = 73*a**2 - 18248*a - 443. What is h(250)?
57
Let o(p) = -5*p**3 - 98*p**2 - 211*p + 184. Give o(-17).
14
Let o(d) = -7846*d + 62929. What is o(8)?
161
Let p(o) = -o**3 - 198*o**2 - 581*o + 736. What is p(-195)?
-44
Let d(q) = -q**3 - 4*q**2 + 160359*q + 641413. Calculate d(-4).
-23
Let d(w) = 644563*w - 3222812. Determine d(5).
3
Let l(w) = -6*w**2 + 436*w + 5546. Give l(-13).
-1136
Let y(h) = -18*h**3 - 7*h**2 - 983*h - 1961. Give y(-2).
121
Let x(i) = -2*i**3 + 3*i**2 - 6*i - 1160. What is x(-10)?
1200
Let o(k) = -8*k**2 + 196*k - 280. Determine o(6).
608
Let j(w) = w**3 - 33*w**2 - 167*w + 2254. Give j(36).
130
Let k(q) = -2434*q**2 + 183*q - 183. Calculate k(1).
-2434
Let i(u) = -8225*u + 49316. What is i(6)?
-34
Let q(v) = 24*v**2 + 298*v + 160. Determine q(-12).
40
Let w(z) = -529*z - 13919. Give w(-26).
-165
Let c(w) = 10597*w + 84782. What is c(-8)?
6
Let h(b) = -6*b**3 - 16*b**2 + 136*b + 25. Calculate h(-5).
-305
Let y(j) = 6*j**3 + 1089*j**2 + 434*j - 19741. Calculate y(-181).
-12
Let v(s) = 2*s**3 - 5*s**2 - 5415*s + 21622. Determine v(4).
10
Let p(q) = 7*q**2 + 1291*q + 19466. What is p(-168)?
146
Let l(y) = y**2 - 17270*y - 952879. Determine l(-55).
-4
Let o(m) = 30*m**3 - 6*m**2 + 74*m - 17. Determine o(4).
2103
Let a(j) = 18*j + 1718. What is a(-7)?
1592
Let f(r) = -29*r**3 - 785*r**2 - 70*r - 427. Calculate f(-27).
5
Let h(o) = -o**2 + 22965*o + 45932. Determine h(-2).
-2
Let y(v) = 212268*v - 1910415. Give y(9).
-3
Let r(n) = -n**2 - 2440*n - 135980. Calculate r(-57).
-149
Let k(i) = -i**3 - 113*i**2 + 532*i + 7055. Give k(-117).
-433
Let m(b) = -15*b**3 - 3586*b**2 - 240*b - 249. Give m(-239).
-10
Let f(k) = -904*k + 534228. Calculate f(591).
-36
Let j(n) = 395*n - 938. Calculate j(2).
-148
Let n(d) = -523*d - 42410. Calculate n(-81).
-47
Let t(l) = 108*l - 502. Determine t(-3).
-826
Let d(s) = -20*s**3 - 435*s**2 + 514*s + 8892. Give d(-22).
4
Let l(f) = -f**2 - 461213*f + 2306087. Determine l(5).
-3
Let r(q) = -q**3 - 277*q**2 - 2192*q - 10387. Give r(-269).
373
Let x(n) = n**2 - 42129*n + 926350. What is x(22)?
-4
Let p(w) = -19910*w + 99599. Determine p(5).
49
Let q(k) = 44306*k - 620077. What is q(14)?
207
Let f(u) = 892*u**3 - 2*u**2 - 38*u + 35. Determine f(1).
887
Let p(r) = -10893*r + 10973. What is p(1)?
80
Let g(u) = -13*u**2 - 415*u - 4680. Calculate g(-19).
-1488
Let q(x) = -66909*x - 736004. Calculate q(-11).
-5
Let m(n) = 29*n**2 + 540*n + 3246. Determine m(-6).
1050
Let z(b) = -b**3 + 317*b**2 - 17107*b - 1221. What is z(248)?
19
Let b(g) = -g**2 - 156*g - 8382. What is b(-82)?
-2314
Let h(j) = -2*j**2 - 117*j + 529. What is h(-66)?
-461
Let k(n) = n**3 + 128*n**2 - 530*n - 557. Give k(-132).
-293
Let x(g) = 2*g**3 - 15*g**2 - 35152*g + 246119. Determine x(7).
6
Let r(k) = 7*k**2 + 138403*k + 691942. Give r(-5).
102
Let w(h) = h**2 + 6681*h - 11020427. Determine w(1369).
23
Let a(k) = -23*k**3 + 320*k**2 + 16*k + 161. Give a(14).
-7
Let c(d) = 273225*d - 546453. What is c(2)?
-3
Let f(n) = -33*n**3 - 1848*n**2 - 14*n - 791. What is f(-56)?
-7
Let m(w) = -657405*w - 101240375. Give m(-154).
-5
Let r(b) = -b**2 + 71*b - 104. Determine r(48).
1000
Let f(b) = -22*b**2 - 3881*b - 27361. Determine f(-7).
-1272
Let m(p) = 2*p**2 + 730*p - 123709. Determine m(-491).
23
Let u(q) = -1971*q - 247839. Calculate u(-126).
507
Let r(u) = -14*u**3 - 159*u**2 - 73*u - 2218. Calculate r(-12).
-46
Let b(t) = -3*t**2 + 41*t - 54. Calculate b(20).
-434
Let z(s) = 7*s**3 - 30*s**2 - 